{"id":46,"date":"2014-01-07T18:12:20","date_gmt":"2014-01-07T17:12:20","guid":{"rendered":"http:\/\/www.brennpunkt-arnsberg.de\/?page_id=46"},"modified":"2024-04-09T21:14:04","modified_gmt":"2024-04-09T19:14:04","slug":"zwischenstationen","status":"publish","type":"page","link":"https:\/\/brennpunkt.afh96.de\/?page_id=46","title":{"rendered":"Zwischenstationen"},"content":{"rendered":"<p>Zwischenstationen der Best\u00e4nde\/Rundhauber der Arnsberger Feuerwehr Historie e.V.<\/p>\n<p>Die Idee f\u00fcr eine Vereinsgr\u00fcndung waren ausschlaggebend 3 sogenannte Magirus-Rundhauberfahrzeuge, welche bei der Feuerwehr der Stadt Arnsberg au\u00dfer Dienst gestellt wurden, und vor der Verschrottung bewahrt werden sollten. Sie wurden von der Stadt an den Verein \u00fcbertragen. Nun musste f\u00fcr die Fahrzeuge eine Unterkunft gefunden werden, wo Sie gesch\u00fctzt untergestellt werden konnten.<\/p>\n<p>Als erste Unterkunft organisierte der Stadtbrandmeister Hubert Prange eine Feldscheune im Ortsteil H\u00fcsten, die dem Bauer Gordes geh\u00f6rte. Hier konnten wir einige Jahre (1996 bis 2002) die Fahrzeuge unterstellen. Wegen Eigenbedarf musste diese dann aufgegeben werden.<\/p>\n<p>Die zweite Unterkunft konnte mit Unterst\u00fctzung der Stadt Arnsberg gefunden werden. Die freigewordenen Rettungswagengaragen der ehemaligen Feuer- und Rettungswache an der Ruhrstra\u00dfe im Ortsteil Arnsberg konnten 2002 \u2013 2004\u00a0 \u00fcbernommen werden. Auf Grund einer Nutzungs\u00e4nderung im Bereich des ehemaligen Autohauses an der Ruhrstra\u00dfe mussten auch die Fahrzeuge der Feuerwehr-Historie e.V. den Baggern nach zweij\u00e4hrigem Aufenthalt weichen.<\/p>\n<p>Wieder mit Hilfe der Stadt Arnsberg wurde die dritte Unterkunftsl\u00f6sung im Bereich M\u00f6hnestra\u00dfe (Kaiser S\u00f6hne) im Ortsteil Neheim gefunden. Wie lange man hier bleiben konnte, war auch ungewiss, da das gesamte Areal als Mittelstandzentrum umgebaut werden, teilweise vermietet und ver\u00e4u\u00dfert werden sollte. Von 2004 \u2013 2012\u00a0 war man dann hier ans\u00e4ssig.<\/p>\n","protected":false},"excerpt":{"rendered":"<p>Zwischenstationen der Best\u00e4nde\/Rundhauber der Arnsberger Feuerwehr Historie e.V. Die Idee f\u00fcr eine Vereinsgr\u00fcndung waren ausschlaggebend 3 sogenannte Magirus-Rundhauberfahrzeuge, welche bei der Feuerwehr der Stadt Arnsberg au\u00dfer Dienst gestellt wurden, und vor der Verschrottung bewahrt werden sollten. Sie wurden von der Stadt an den Verein \u00fcbertragen. Nun musste f\u00fcr die Fahrzeuge eine Unterkunft gefunden werden, wo [&hellip;]<\/p>\n","protected":false},"author":1,"featured_media":0,"parent":34,"menu_order":3,"comment_status":"closed","ping_status":"open","template":"","meta":{"footnotes":""},"class_list":["post-46","page","type-page","status-publish","hentry"],"_links":{"self":[{"href":"https:\/\/brennpunkt.afh96.de\/index.php?rest_route=\/wp\/v2\/pages\/46","targetHints":{"allow":["GET"]}}],"collection":[{"href":"https:\/\/brennpunkt.afh96.de\/index.php?rest_route=\/wp\/v2\/pages"}],"about":[{"href":"https:\/\/brennpunkt.afh96.de\/index.php?rest_route=\/wp\/v2\/types\/page"}],"author":[{"embeddable":true,"href":"https:\/\/brennpunkt.afh96.de\/index.php?rest_route=\/wp\/v2\/users\/1"}],"replies":[{"embeddable":true,"href":"https:\/\/brennpunkt.afh96.de\/index.php?rest_route=%2Fwp%2Fv2%2Fcomments&post=46"}],"version-history":[{"count":3,"href":"https:\/\/brennpunkt.afh96.de\/index.php?rest_route=\/wp\/v2\/pages\/46\/revisions"}],"predecessor-version":[{"id":546,"href":"https:\/\/brennpunkt.afh96.de\/index.php?rest_route=\/wp\/v2\/pages\/46\/revisions\/546"}],"up":[{"embeddable":true,"href":"https:\/\/brennpunkt.afh96.de\/index.php?rest_route=\/wp\/v2\/pages\/34"}],"wp:attachment":[{"href":"https:\/\/brennpunkt.afh96.de\/index.php?rest_route=%2Fwp%2Fv2%2Fmedia&parent=46"}],"curies":[{"name":"wp","href":"https:\/\/api.w.org\/{rel}","templated":true}]}}